 47 = -12. List the prime factors of u(v).
53
Let c be 56 - 2 - (1 - 0). Suppose -5*l - c = 3*x - 5*x, -4*x = 5*l - 91. What are the prime factors of x?
2, 3
Suppose -4*v = 20, -2*i - 4*v = -7*i + 90. Let r(z) = -z**3 + 15*z**2 - 10*z - 26. What are the prime factors of r(i)?
2, 3, 5
Let l(k) = -k**2 - 10. Let x be l(5). What are the prime factors of (2 - x) + (-6)/2?
2, 17
Suppose 82000 = -1178*n + 1194*n. What are the prime factors of n?
5, 41
Let o be -3 + (-21)/(-3) - 3. Suppose -4*h - 15 = -3*u + 2*u, -2*u - 5*h = 9. List the prime factors of -2 + (u + 2)*o.
3
Suppose 4*j - 11 - 21 = -4*s, -3*s + 4*j - 4 = 0. Let l(h) = 6 + h**3 - 7*h**2 + s + 2 - 9*h. What are the prime factors of l(8)?
2
Let b(a) = -5 + 5*a - 5*a**2 + 12*a**2 - 1 + 4. Let m(r) = -6*r**2 - 4*r + 3. Let x(t) = -4*b(t) - 5*m(t). What are the prime factors of x(-3)?
11
Let c(u) = -u - 3. Let b be c(-6). What are the prime factors of 62 + (-2 - (2 - b))?
61
Let z(b) = b + 2. Let a be z(2). Suppose -2*d - 5*f + 68 = -40, a*d - 2*f - 192 = 0. What are the prime factors of d?
7
List the prime factors of (-68)/(-306) + (-3)/((-27)/4894).
2, 17
Suppose 0 = -3*y + 2258 + 601. What are the prime factors of y?
953
Suppose -w = 4*y - 78, -4*w + 125*y + 244 = 124*y. List the prime factors of w.
2, 31
Let q be (-8 + 3)*6/(-15). Suppose -3 = 2*a - 3*z, -q = -2*a - 4*z + 2. Suppose a = -5*i - 10, -4*m + 2*i + 172 = -2*i. List the prime factors of m.
41
Suppose 0 = 4*t - 2594 + 2482. List the prime factors of t.
2, 7
Let r(b) = -b**3 - 4*b**2 - 6*b - 6. Let g be 1 + (-3 - 0 - 1). Let p be r(g). Suppose -5*n + 0*n = 4*o - 86, 0 = -4*n - p*o + 69. List the prime factors of n.
2, 3
Let j(b) = b**2 + b - 143. List the prime factors of j(38).
13, 103
Let j = 346 - 256. What are the prime factors of j?
2, 3, 5
Let s = 18 - 3. Let y(l) = l**3 - 16*l**2 + 15*l - 20. Let u be y(s). List the prime factors of (36/15)/((-2)/u).
2, 3
What are the prime factors of 5855/2 + (-1 - (-33)/22)?
2, 3, 61
Let f = -6 + 192. Let l = f - 131. List the prime factors of (-21)/14 - l/(-2).
2, 13
Suppose 3*g + 330 - 2218 = 2*d, -5*d - 651 = -g. List the prime factors of g/18 - 16/(-72).
5, 7
Let y(a) be the first derivative of a**3/3 - a**2 + 13*a - 4. Let s be y(-13). Suppose 3*n = -n + s. What are the prime factors of n?
2, 13
Let t(r) be the first derivative of r**4/12 - 3*r**3/2 + r**2/2 + 3. Let p(c) be the second derivative of t(c). List the prime factors of p(13).
17
Let o = -1 + 9. Suppose 3*a = -2*t - 8, -2 - o = -3*t + a. What are the prime factors of (-8)/(2/t + -3)?
2
Let d(o) = o**3 - 2*o**2 - 5*o - 2. Let v be d(4). Suppose 0 = 3*x - 5*x + v. Suppose -x*h - 13 + 123 = 0. List the prime factors of h.
2, 11
Suppose b = -52 + 61. What are the prime factors of b?
3
Suppose -5*b + 15 = 3*t + t, 0 = -t - 3*b + 9. Let u(w) = -w + 164. What are the prime factors of u(t)?
2, 41
Suppose 48*i = 54*i - 4128. List the prime factors of i.
2, 43
Let a be -3 - -3 - (1 - 36 - 1). Let s = -25 + a. List the prime factors of s.
11
Suppose d - 4*z + 833 = 4*d, 0 = -3*d + 2*z + 803. Let v = d - 161. List the prime factors of v.
2, 5, 11
Let d = 22 + -7. Let q(h) = -h**3 + 15*h**2 + 11*h - 25. List the prime factors of q(d).
2, 5, 7
Suppose 1432 = -2*s + 4*r, 3596 = -5*s - 0*s + 2*r. List the prime factors of (-12)/(-42) - s/28.
2, 13
Suppose 4*x - 5 = 19. Suppose -w + 16 = 4*z, 4*z - 2 = -3*w + x. Suppose -k - 16 = -t, -3*t + z*t + k - 47 = 0. What are the prime factors of t?
3, 7
Suppose 2*y - 5*r = 4*y - 34, 18 = y + 3*r. Suppose -2*q - y = -5*q. Suppose -3*g - s = -16, -6*s + q = 2*g - 2*s. List the prime factors of g.
2, 3
Suppose 5474 = 10*j + 4*j. Suppose -5*a + 684 + j = 0. What are the prime factors of a?
5, 43
Let m = 31 + -29. Suppose x - 3*c = m + 4, 3*x = -3*c + 78. List the prime factors of x.
3, 7
Let t be 2 + (-5 - (0 + 2)). Let f = 19 - 8. Let y = t + f. List the prime factors of y.
2, 3
Let z = 1173 - 116. List the prime factors of z.
7, 151
Suppose 0 = f + t + 6 - 0, 4*f - 2*t = 0. Let p = f - -4. List the prime factors of p.
2
Suppose -9*d + 4*d + 2881 = 3*a, -4*a = -4*d + 2324. What are the prime factors of d?
2, 17
Suppose -330 = -l - j, -13*l - j + 1654 = -8*l. What are the prime factors of l?
331
Suppose 11001 = 58*c - 9995. List the prime factors of c.
2, 181
Let w(k) = k**3 - 26*k**2 - 101*k + 86. List the prime factors of w(31).
2, 5, 11
Let a(m) = -13*m - 49. Let y = -96 - -91. List the prime factors of a(y).
2
Let r = -1 + 3. Suppose 0 = -2*t - 5*b - 4, 0*b + 7 = t - r*b. Suppose -2*v + 4*u - 8 = 0, t*v = -u + 15 + 8. List the prime factors of v.
2, 3
Let d(r) = -r**2 + 2*r + 105. List the prime factors of d(11).
2, 3
Suppose -25699 = -25*c + 3826. What are the prime factors of c?
1181
Let f(s) = s**2 + s - 7. Let r be 0/(-2 - (-7 + 4)). Let n be f(r). Let c = n + 31. List the prime factors of c.
2, 3
Suppose 39*y - 37*y = 594. Suppose 5*d = g + y, 0 = -g - 3 + 1. List the prime factors of d.
59
Let d(x) = x**2 - 14*x - 42. List the prime factors of d(-10).
2, 3, 11
Let m = -1257 + 2200. What are the prime factors of m?
23, 41
Let x(o) = -92*o**3 + 2*o**2 - o - 2. Let f = 16 - 17. What are the prime factors of x(f)?
3, 31
Suppose 30 + 84 = o. List the prime factors of ((-15)/(-5))/3*o.
2, 3, 19
Suppose 33*l - 10452 = 21*l. Suppose 0 = -17*k + l + 1186. List the prime factors of k.
11
Let o = -5 - -5. Suppose 5*b + 0*d - 4*d - 32 = o, 2*b + 3*d + 1 = 0. List the prime factors of b/4 + 23 + -2.
2, 11
Let t be (9/6)/((-3)/(-20)). Suppose l - 6 = -l. Let a = t - l. What are the prime factors of a?
7
Suppose -5*m = -5*d, 2*d + 4*m = -0 + 18. What are the prime factors of (d - 987/9)*36/(-30)?
2
Suppose 312 = 4*s - 4*c, -c = 5*s - 4*c - 388. Let a = 171 - 119. Let p = s - a. What are the prime factors of p?
5
Let l = -18 + 26. Suppose -l*f = -19 - 181. List the prime factors of f.
5
List the prime factors of 81/(-2)*(-11 + 9).
3
What are the prime factors of 3/((-15)/20) - -335?
331
Suppose 3*q - 56 = 2*p, 4*p + 182 = -p - 3*q. Suppose -2*z - z - 5*r + 193 = 0, 3*z = -r + 209. Let o = p + z. List the prime factors of o.
37
Let r(c) be the first derivative of c**2 + 31*c + 1. Let s(p) = -p + 2. Let l be s(2). List the prime factors of r(l).
31
What are the prime factors of (7450/(-2))/(-4*9/36)?
5, 149
Let f = -420 + 670. Suppose 0 = -m + 6*m - f. What are the prime factors of m?
2, 5
Let d(c) = c**3 - 2*c - 7. Let t be d(3). Let y be (-10)/(-3)*21/t. Suppose -76 = -y*j + 139. What are the prime factors of j?
43
Suppose 0 = 2*v + 60 - 62, 4*u + 3*v - 3591 = 0. List the prime factors of u.
3, 13, 23
Let b = 771 - 751. Let r(d) = -12*d + 4. Let o be r(5). What are the prime factors of (o/35)/((-2)/b)?
2
Let q = -26 + 50. Let o = -7 + q. Let u = -12 + o. List the prime factors of u.
5
Suppose -v + 4*a = -2484, 2*a - 4*a = v - 2466. List the prime factors of v.
2, 3, 103
Let o = 74 + -74. Suppose o*w - 340 = -10*w. List the prime factors of w.
2, 17
Suppose 7*r + 1153 = 4*q + 2*r, -5*r = 4*q - 1143. What are the prime factors of q?
7, 41
Let r = -289 - -690. Suppose 6*o - 2033 = -r. What are the prime factors of o?
2, 17
List the prime factors of (189/(-84))/((-3)/764).
3, 191
What are the prime factors of 696 + 7/(-1 + 0)?
13, 53
Let j be (-5)/(-3)*(-27)/(-9). Suppose -j - 1 = -2*q. Suppose 3*i + 4*v - 217 = 0, -3*v - 3 = q. What are the prime factors of i?
3, 5
Let j(l) = -l**3 + 8*l**2 - 4*l - 18. Let x be j(7). Suppose 0 = -2*h - x*p + 497 + 107, 4*h - 1224 = -2*p. List the prime factors of h.
2, 7, 11
Let a(l) = -130*l**2 + l - 2. Let r(k) = k - 1. Let h(t) = -a(t) + 4*r(t). List the prime factors of h(1).
131
Suppose -3*s = -3*a - 450, 0 = -s - 5*a + 23 + 139. What are the prime factors of s?
2, 19
Let f(x) = -x**3 - 17*x**2 + 36*x + 134. What are the prime factors of f(-20)?
2, 307
Suppose 3*s = -4*a + 2*s + 2595, 4*a + 4*s - 2580 = 0. List the prime factors of a.
2, 5, 13
Suppose 6*s - 432 - 2004 = 0. List the prime factors of s.
2, 7, 29
Let m(w) = w**2 - 2*w + 1. Let k be m(4). List the prime factors of ((-90)/(-4))/k*40.
2, 5
List the prime factors of 28*2373/30 + (-16)/(-80).
5, 443
Let w(z) = -105*z - 22. Let v be w(6). Let f = -464 - v. List the prime factors of f.
2, 47
Suppose 4*z - 161